he prime factors of l(3).
17, 103
Let y(d) = -11*d**3 + 5*d**2 + 5*d + 3. Let p(b) = 17*b**3 - 7*b**2 - 4*b - 2*b - 4 - b. Let g(q) = -5*p(q) - 7*y(q). List the prime factors of g(-1).
7
What are the prime factors of (1520/(-6))/(-5)*(-21)/(-14)?
2, 19
Suppose -8*o = -10*o - 2, -2*m + 4*o + 1390 = 0. List the prime factors of m.
3, 7, 11
Suppose 2*v = -4*g - 3*v + 31, -5*v = -15. Suppose 11 + g = -5*f. Let n(y) = y**3 + 7*y**2 + 2*y - 6. List the prime factors of n(f).
2, 3
Let f = -307 - -1149. What are the prime factors of f?
2, 421
Let p = 2245 - 231. What are the prime factors of p?
2, 19, 53
Let q(z) = -z**2 - 7*z - 8. Let k be q(-6). Let u be 43/(-2) + 1/k. Let a = u - -38. List the prime factors of a.
2
Let l(u) = -12*u - 5. Let c(o) = o - 9. Let g be c(4). List the prime factors of l(g).
5, 11
Suppose -145 - 1149 = -2*o. What are the prime factors of o?
647
Let z = -268 + 160. Let u = -72 - z. What are the prime factors of u?
2, 3
Let g(h) be the first derivative of -21*h**3 - h**2 + 2*h + 2. Let i be g(1). What are the prime factors of (-3177)/i - (-8)/14?
3, 17
Let k(h) = h**3 - 6*h**2 + 4*h + 1. Let u be k(6). Suppose 102*c - 3*o = 99*c + 381, -5*c - 5*o + 655 = 0. Suppose 22*w = u*w - c. List the prime factors of w.
43
Let d(s) = -s**3 - 8*s**2 + 6*s - 11. Suppose 5*b - 71 - 19 = 0. Suppose -3*t - b = 9. What are the prime factors of d(t)?
2
What are the prime factors of 2799 - (-18 - -10) - -5?
2, 19, 37
Let a(q) = 150*q - 62. What are the prime factors of a(9)?
2, 7, 23
Let w(s) = s**2 - 33*s - 44. Let r be w(31). Let m = -84 - r. List the prime factors of m.
2, 11
Suppose -1843 = -6*n + 3353. List the prime factors of n.
2, 433
Let w = -218 + 392. What are the prime factors of w?
2, 3, 29
Suppose 0*y = 3*y. Suppose -4*i + i = y. List the prime factors of 15*(i - (-2)/10).
3
Suppose n = -3, -5*o + 3*n + 0*n + 354 = 0. Suppose o = 4*x - 67. Suppose -x - 10 = -4*s. List the prime factors of s.
11
Suppose 0 = 4*k - 5444 - 1600. List the prime factors of k.
3, 587
Let y(i) = -i**3 - i**2 + i + 236. Let n be y(0). Suppose 3*z + 1 = s + 252, 3*z = -2*s + n. What are the prime factors of z?
2, 41
Suppose -11*y + 3369 = 817. List the prime factors of y.
2, 29
Let h(c) = -c + 9. Let z be h(4). Suppose -q + z*q + 5*d - 17 = 0, 39 = 3*q - 5*d. List the prime factors of q.
2
Let i be (-2)/6*(-701 - 16). Suppose -r = -5*r + 56. Suppose 0 = -5*v + i - r. List the prime factors of v.
3, 5
Suppose 44*w - 3594 = 41*w. List the prime factors of w.
2, 599
Let w(c) be the first derivative of c**3/3 - c**2/2 + 104*c + 12. List the prime factors of w(0).
2, 13
Let t be 53/3 + (-16)/(-12). Let x = -18 - -19. Suppose 5*v - x = t. List the prime factors of v.
2
Let m = 3303 + -890. What are the prime factors of m?
19, 127
Let v = 5595 + -3917. List the prime factors of v.
2, 839
Let o = 18 - 3. Suppose -3*z + o = -69. What are the prime factors of z?
2, 7
Suppose -5*w + 462 = 2*a - 697, -a + w + 576 = 0. What are the prime factors of a?
577
Suppose -7406 = 152*n - 166*n. What are the prime factors of n?
23
Let m(l) = l**2 + 7*l + 15. Let x be m(-7). Suppose t = -3*o + x, -2*t = -6*o + o + 25. What are the prime factors of (-5)/(o/(-47)) - 4?
43
Suppose 4 = -5*q + 6*q. Let k = 19 + q. What are the prime factors of k?
23
Suppose -3*r = 3*s + 39, 0 = -4*s + s - r - 29. What are the prime factors of 50 + s/(-1 + -3)?
2, 13
Suppose 13*o - 5*o + 672 = 0. Let c = 136 + o. What are the prime factors of c?
2, 13
Let v = -66 + 212. What are the prime factors of v?
2, 73
What are the prime factors of -1 - -2513 - (-8)/(-24)*-3?
7, 359
Let v(i) = 6*i + 2 + 5*i - 2*i - 3*i - 5*i. Let s be (-68)/(-18) + (-2)/(-9). List the prime factors of v(s).
2, 3
Let y(k) = k**2 - 7*k - 7. Let q be y(8). Suppose -u = 2 + q. What are the prime factors of (-1)/(0 + u/60)?
2, 5
Let u(r) = 7*r - 6. Let f be (-42)/(-2) + 1 + 2 + -4. List the prime factors of u(f).
2, 67
Let h(v) = 2*v**3 + 2*v**2 - 3*v + 1. Let a be h(1). Let l(k) = 12*k**2 + 2*k - 4. What are the prime factors of l(a)?
2, 3
Suppose 21*x = 32548 + 2522. What are the prime factors of x?
2, 5, 167
Let h = -1 + 2. Let i = 1 + h. Let p(f) = 6*f + 1. What are the prime factors of p(i)?
13
Let r(v) = -v**2 + 5*v. Let g be r(5). Suppose -t - 7 + 9 = g. Suppose d - 2*d + t = 0. What are the prime factors of d?
2
Let x(b) be the second derivative of b**5/20 + 3*b**4/4 + 5*b**3/3 + 13*b**2/2 - 5*b. What are the prime factors of x(-6)?
61
Let i = -8609 + 12091. What are the prime factors of i?
2, 1741
Suppose -406 = 7*y - 1568. Let z = 33 + y. What are the prime factors of z?
199
Let b = 35 - 68. Let p = 41 + b. Suppose 3*y - 2*y - p = 0. List the prime factors of y.
2
Let x(c) = -416*c - 39. List the prime factors of x(-6).
3, 7, 13
Suppose 384*z + 16914 = 390*z. List the prime factors of z.
2819
Suppose 3*h = -4*h + 56. Suppose -g = -h*g + 413. List the prime factors of g.
59
Let o(t) = t**3 - 13*t**2 + 15*t - 9. Let l be o(13). Let c = l + -116. What are the prime factors of c?
2, 5, 7
Let v(p) be the third derivative of 2*p**5/15 + p**4/4 - 7*p**3/3 - 33*p**2. What are the prime factors of v(4)?
2, 3, 23
Let r(m) = m**2 - 8*m + 7. Let g be r(7). Suppose 5*j - 99 - 76 = g. Suppose -5*l + 225 = -j. What are the prime factors of l?
2, 13
Let x = 19 - 17. Let y = -2 + x. What are the prime factors of (y/3)/3 + 10?
2, 5
Let g(j) = j**2 - 4. Suppose 0 = 4*q + s - 31, 0 = 2*q - s - 11 - 12. Let r = 5 - q. List the prime factors of g(r).
2, 3
Let g(i) = -3*i**3 + i**2 - i - 9. List the prime factors of g(-5).
2, 3, 11
Let n = 34 - 28. Suppose -356 = -n*t + 4*t. Let b = t + -117. What are the prime factors of b?
61
Suppose -78*v = -29*v - 42728. What are the prime factors of v?
2, 109
Let q(b) = 88*b**2 - 2*b + 1. Suppose 3*t = -0 + 3. What are the prime factors of q(t)?
3, 29
Let n(g) = -g**2 + 6*g + 6. Let l be n(5). Suppose 0 = -3*w + 6*w - 96. Let x = w - l. List the prime factors of x.
3, 7
Let z = -2194 + 3127. What are the prime factors of z?
3, 311
Let h(i) = -431*i - 6. Let u be h(-6). Suppose 9*l + l = u. What are the prime factors of l?
2, 3, 43
Let t(k) = 3*k - 7. Let j(z) = z - 1. Suppose q - 4 = 5*q. Let x(d) = q*t(d) + 2*j(d). List the prime factors of x(-9).
2, 7
Let r be 11/(((-5)/(-95))/((-1)/1)). What are the prime factors of -3*(-4 + r/3 + -4)?
233
Let d = 16 + -10. Suppose -19 = -7*s + d*s. Suppose -3*m - 1 = -s. What are the prime factors of m?
2, 3
List the prime factors of 915/2 - (-1)/(-2).
457
Suppose -6 = -9*b + 4*b - 2*o, 5*b - 14 = 2*o. Suppose -6*z = -14*z + 32. Suppose 5*t = -2*l + 3*t + 14, -b*l = z*t - 24. List the prime factors of l.
2
Let s = -157 + 307. What are the prime factors of s?
2, 3, 5
Suppose 0*y + 2*y - 46 = 0. Suppose -c + 2*c = y. Let f = -15 + c. What are the prime factors of f?
2
Suppose 5*i + 699 = f, 3*f + 2*i - 1997 = -3*i. What are the prime factors of f?
2, 337
Let w(a) = 3*a + 5. Let m be w(-4). Let y be 1/(-3) + (-86)/3. List the prime factors of y/m + 3/(-21).
2
Suppose -19*g + 166725 = 76*g. List the prime factors of g.
3, 5, 13
Let m = -184 - -799. List the prime factors of m.
3, 5, 41
Suppose 1807 + 4432 = 17*i. List the prime factors of i.
367
Suppose -3*u - 2 + 8 = 0. Suppose -5*o + u*j + 3*j = -210, 0 = 3*j + 15. List the prime factors of o.
37
Let a = 45 + -38. Suppose 0 = -a*r - r + 520. List the prime factors of r.
5, 13
Let o = 692 + 488. List the prime factors of o.
2, 5, 59
Let l = 166 + -163. Suppose -396 = -l*j - 99. List the prime factors of j.
3, 11
Suppose 0 = 5*v + 3*o - 5, 4*o + 40 = 2*v + 3*v. Suppose 0 = q - v*q + 294. Let g = q - 68. List the prime factors of g.
2, 3, 5
Let v = 1038 + 646. List the prime factors of v.
2, 421
Let v be (-100)/20 - (-3 + 0 + 0). List the prime factors of v/(-2) - -2*(4 - -3).
3, 5
Let r be ((-11)/22)/(2/(-180)). What are the prime factors of (-5*(-6)/r)/((-4)/(-390))?
5, 13
Let m be -1392 - (10/5)/(-2). What are the prime factors of (m/(-26))/(2*2/8)?
107
Let g = 12 + -8. Let m be 2/(-4)*(-12 - (0 - -4)). Suppose -4*q - q - g*t = -37, -4*q = -4*t - m. What are the prime factors of q?
5
Suppose 5 = 3*t - 5*x - 0, 2*t = 2*x + 6. Suppose -5 + 2 = -4*n - 3*d, -3*d = -3. Suppose n = -t*j + 389 + 1. What are the prime factors 